h = -4*q - 5*a, 2*a - 8 = 0. What is the tens digit of q?
1
Let y(q) = 2*q + 7. Let f be y(-5). Let v be (-25)/f + (-6)/(-9). Suppose 2*i = v + 21. What is the units digit of i?
5
Let p(d) = 129*d. What is the hundreds digit of p(1)?
1
What is the tens digit of 0*1/2 + 98 + 6?
0
Let p(y) be the third derivative of -y**7/1680 - y**6/120 + y**5/20 + y**2. Let v(b) be the third derivative of p(b). What is the units digit of v(-4)?
6
Let a = -3 - -3. What is the units digit of (-18)/(-3) + 0 + a?
6
Let b be (12/24)/((-1)/(-6)). What is the tens digit of (-3 - b)*(-27)/6?
2
Let m(f) = 16*f - 24. What is the hundreds digit of m(15)?
2
Let i(y) = y**3 - 6*y**2 + 2*y + 1. Let u = 14 - 8. What is the tens digit of i(u)?
1
Suppose 0 = 8*m + m - 1053. What is the units digit of m?
7
Suppose y = 2*y + f - 6, -4*f + 14 = -y. What is the units digit of y?
2
Suppose -2*b + 6 = 2*x - b, x - 5*b + 8 = 0. Suppose 2*w - 36 = -4*g, x*g + 0 = 3*w + 2. Let y = g + -1. What is the units digit of y?
6
Suppose -11*p + 3055 = 2*p. What is the units digit of p?
5
Let u(y) = y**3 - 11*y**2 + 10*y + 2. Let h be u(10). Suppose -5*x = -87 - 8. What is the tens digit of x/2*h - 1?
1
Suppose 0 = -3*l + 5 + 76. What is the tens digit of l?
2
Suppose -104 = 15*t - 3209. What is the hundreds digit of t?
2
Let j = -8 + 12. Suppose 11 + 21 = j*i. What is the units digit of i?
8
Let w = 4 - 10. What is the units digit of ((-16)/12)/(1/w)?
8
Let q = 125 + -56. What is the units digit of q?
9
Let u(g) = -5*g - 5. Let i = -12 + 8. What is the tens digit of u(i)?
1
Suppose -177 = -3*g - 42. What is the tens digit of g?
4
Suppose 4*j = 487 + 17. What is the hundreds digit of j?
1
Suppose 2*y = -0*y + 82. What is the tens digit of y?
4
Suppose 109 = 3*w - 65. Suppose w = 5*v - 2. What is the units digit of v?
2
Let l(r) = -r. Suppose 4*j = -4, 0 = 3*u - 0*j - 5*j + 1. Let q be l(u). Suppose -g = q*g - 21. What is the units digit of g?
7
Let n(m) = -1. Let i(r) = 4*r - 7. Let z(b) = -i(b) + 4*n(b). What is the units digit of z(-5)?
3
Let t = -15 - -9. Let u(f) = f**2 + 5*f + 7. What is the tens digit of u(t)?
1
Suppose d - t = 2 + 5, -15 = -3*d + t. Suppose -2*p - 4*g - d = -74, -2*p - g + 58 = 0. What is the tens digit of p?
2
Suppose 2*w + 5*m = 238, -m - 77 = 3*w - 434. What is the units digit of w?
9
Let h = 2 - 2. Let k(t) = 2*t**2 + 1. Let r be k(1). Suppose h = -a + r. What is the units digit of a?
3
Let l(u) = -u**2 + 7*u + 5. What is the tens digit of l(5)?
1
Let s = -12 + 4. What is the tens digit of s/(-32) - 230/(-8)?
2
What is the units digit of (-2 - -1)/(-1) - 3*-19?
8
What is the units digit of 1115/21 - (-6)/(-63)?
3
Suppose -34*z + 33*z + 22 = 0. What is the tens digit of z?
2
Suppose 22 = 3*j - j. Suppose -4*g = -16, 0*g = 5*o - 2*g - 7. Suppose 0 = -o*y - j + 41. What is the units digit of y?
0
What is the tens digit of (36/(-14))/((-106)/(-56) + -2)?
2
Suppose 0 = 4*y + 4*g - 272, 4*y + 0*g = 3*g + 251. What is the tens digit of y?
6
Suppose 4*p - 15 - 29 = 0. Let r = p - 7. Suppose r*y - 54 = -5*t, 25 = 3*y - 2*t - 2*t. What is the tens digit of y?
1
Let r be (-10)/3*15/(-10). Suppose 4*o = r*o. What is the tens digit of 13 + o - (-1 + -2)?
1
Let y(k) = 3*k + 3. What is the tens digit of y(6)?
2
Let w = 25 - -8. What is the tens digit of w?
3
What is the units digit of 6/(-15) - (-560)/25?
2
Suppose 0 = 4*f - 5 - 3. Suppose -f*x - 22 = 2*n - 3*n, 0 = n - 5*x - 13. Let o = n + -16. What is the tens digit of o?
1
Let c be (-22)/(2*-1)*6. Suppose y + 2*y + c = 0. Let r = -14 - y. What is the units digit of r?
8
Let l(d) = 28*d**2 - 3. What is the tens digit of l(2)?
0
Let y = 19 - -33. What is the units digit of y?
2
Suppose -4*a - 3*p + 304 = 0, 2*p + 385 = 4*a + 101. What is the tens digit of a?
7
Let q = -4 - -2. What is the units digit of 2*(q + (-36)/(-8))?
5
Let y = 35 + 21. What is the tens digit of y?
5
Suppose 4 = -4*h + 16. Suppose -h*u + 8 = -2*u. What is the units digit of u?
8
Suppose -2*u + 3*b = -u + 5, -50 = 4*u + 3*b. Let q = -4 - u. What is the units digit of q?
7
Suppose 0 = 5*g - 0*g. Suppose 3*i - i - 50 = g. What is the tens digit of i?
2
Let a be (5/(-20))/(2/(-24)). Suppose 0 = o - 5*y - 54, -a*o - 4*y + 170 = 46. What is the units digit of o?
4
Suppose 0 = -5*c - 4*n + 236, 3*c - 131 = 3*n + 16. What is the tens digit of c?
4
Suppose 0 = 4*v - v + 3*n - 138, -12 = -4*n. Suppose -j - v = -4*j + m, 0 = -j + m + 11. What is the units digit of j?
6
Let g(r) = r**2 - 7*r + 5. Let l(d) = 3*d**2 - 15*d + 9. Let q(y) = -5*g(y) + 2*l(y). Let v = 5 - 13. What is the tens digit of q(v)?
1
Suppose 5*o + 4*s = 1, 3*o = 7*o - 5*s + 32. Let m = o - -8. Suppose 2*r - 15 = -m. What is the units digit of r?
5
Let g = -19 + 34. Suppose g = 5*j, -4*j = 3*a - a - 34. What is the units digit of a?
1
Let g be 4 - ((-4 - -3) + -3). Suppose -364 - 68 = -g*q. What is the tens digit of q?
5
Suppose 3*c = -3*s + 4 + 5, 5*s = 15. Suppose c = -z - 2 + 5. Suppose -t + 28 = z*t. What is the units digit of t?
7
Let i(d) = d + 1. Let x = 5 - 3. Suppose 5*l - x*l - 12 = 0. What is the units digit of i(l)?
5
Suppose 2*i + 3*r - 9 = 11, 4*r - 57 = -5*i. Let o = i + 13. Suppose -5*u + o + 19 = 0. What is the units digit of u?
9
Let n(l) = 3*l - 3. Let j be n(4). Let w = -6 + j. What is the units digit of w?
3
Let k(s) = s**2 - s + 15. Suppose -2*g = -3*a + a, -3*g + 4*a + 2 = 0. Let r = g + 2. What is the units digit of k(r)?
5
Suppose -2*x + 0*x - 4*u = 16, 5*x - 4*u + 96 = 0. Let c = x - -28. What is the tens digit of c?
1
Suppose 3*f = -z + 70, 4*z + 0*z + 104 = 4*f. What is the units digit of f?
4
Let x = 2 - 5. Let k(v) = -4*v + 4. What is the units digit of k(x)?
6
What is the tens digit of (1 + -6)*5/(-1)?
2
Let x = 28 - -40. Suppose -5*z + x = 3. What is the units digit of z?
3
Suppose c + 9 = 5*y, 2*y + 16 - 74 = -3*c. What is the units digit of c?
6
Let p(g) = g + 7. Let c be p(-5). Let k be -3*((-22)/6 + c). Suppose k*h = 2*j + 6, h + 0*j = j. What is the units digit of h?
2
Let j be (-6)/21 - (-228)/14. Suppose -b = -0*w - w, 0 = -b - 3*w + j. What is the units digit of 0 + 1 - 0/b?
1
Let j be (-2)/(2*-1)*0. Suppose j = -3*r - w + 99, 5*r + 5*w = w + 165. Suppose -3 - r = -4*l. What is the units digit of l?
9
Let p(u) = u**3 + u**2 - u + 94. What is the units digit of p(0)?
4
Suppose -2*n = 0, 3*k + 5*n = -k + 48. What is the tens digit of k?
1
Suppose -2*u = 3*r - 1, -4*u + 2*r - 3*r = -7. Let a = 22 - u. What is the units digit of a?
0
Suppose -s = -2*q - 9, 2*q - s = 4*s + 11. Let r = 1 - q. What is the units digit of r?
8
Let s(k) = -2*k - 22. What is the units digit of s(-18)?
4
Suppose -24 = -5*c - 2*a, -c = 5*a - 3*a. Let y(h) = -h**3 + 7*h**2 - h + 5. What is the tens digit of y(c)?
3
Let l(h) = 6*h**2 - 2*h + 1. Let o be l(1). Suppose -3*p - 5 = -4*s + o, 3*s - 3*p = 6. What is the units digit of 1/2*(-2 + s)?
1
Let n = 221 - 69. What is the hundreds digit of n?
1
Suppose 16 = k - 2*z + 4*z, 5*k = -5*z + 80. What is the tens digit of k?
1
Let f(c) = 4*c - 19. What is the tens digit of f(9)?
1
Suppose b - 180 - 59 = 0. What is the units digit of b?
9
Suppose -3*a + 2*n + 0*n = 96, -a + 2*n = 32. Let g = -13 - a. What is the units digit of g?
9
What is the tens digit of (216/(-42))/((-2)/7)?
1
Suppose -4*s + 2*v - 108 = 0, -3*s - 4*v = -2*v + 81. Let z = -18 - s. What is the units digit of (14/(-3))/((-6)/z)?
7
Let h(b) = b**2 - 9*b + 10. Let c be h(8). Suppose 0 = -3*f + c*m + 28, -2*f - 48 = -7*f + 4*m. What is the units digit of f?
8
Suppose l = 8*l - 553. What is the tens digit of l?
7
What is the units digit of (15/2)/((-14)/(-84))?
5
Suppose 0 = 3*u + y - 42, 2*y - 9 = -u + 10. Suppose -17*f + u*f + 176 = 0. What is the tens digit of f?
4
Suppose 5*u - i + 16 = 0, 4*u - i = u - 10. Let h(l) = 2 + 4*l - 10*l + 0*l**2 - l**2. What is the units digit of h(u)?
1
Suppose -h - 5*d + 12 = 0, 5*d - d = h + 6. Let v(c) = -6 + c + 6. What is the units digit of v(h)?
2
Let j be -5 + (-3)/3 + 2. Let k = j + -1. Let b(g) = -g**2 - 7*g. What is the tens digit of b(k)?
1
Let t(y) be the second derivative of -2*y**3/3 - y**2 - 2*y. What is the units digit of t(-6)?
2
Suppose 2*x - 4*x = -l - 32, 0 = 4*x + l - 64. What is the units digit of x?
6
Let i = 12 - -64. What i